 21384*t - 2807. What is q(465)?
-17
Let y(v) = -28046*v - 1514478. Give y(-54).
6
Let y(w) = -6*w**3 + 29*w + 4. Determine y(-3).
79
Let m(b) = -b**2 + 11*b + 553. What is m(-23)?
-229
Let q(g) = -2951*g + 106189. Determine q(36).
-47
Let x(v) = 2*v**3 + 4*v**2 + 146*v + 953. Determine x(-7).
-559
Let p(o) = -o**2 - 1472*o - 50304. What is p(-35)?
-9
Let k(s) = -11*s**3 + 7*s**2 + 12*s - 23. Calculate k(1).
-15
Let b(p) = -2616*p**3 - 10462*p**2 + 3*p - 22. Give b(-4).
-2
Let a(p) = -147*p**3 - 5002*p**2 - 138*p - 41. Give a(-34).
27
Let u(d) = d**2 + 10*d - 57. Give u(-5).
-82
Let v(b) = -4570*b - 36436. Give v(-8).
124
Let p(t) = -16*t**2 - 1386*t + 4827. What is p(-90)?
-33
Let d(a) = 77620*a + 232855. What is d(-3)?
-5
Let p(q) = 370*q - 7837. What is p(21)?
-67
Let g(j) = j**3 + 138*j**2 - 7329*j - 358. Give g(41).
52
Let f(u) = 36*u**3 - 2086*u**2 - 114*u - 132. Give f(58).
-16
Let y(x) = 3*x**3 + 8*x**2 - 146*x - 167. Determine y(9).
1354
Let g(b) = b**2 + 1327*b - 16048. Give g(12).
20
Let m(c) = -c**2 + 379786*c - 2278674. Calculate m(6).
6
Let z(b) = b**3 - 100*b**2 - 162*b - 4345. Calculate z(102).
-61
Let k(q) = -7*q**3 - 392*q**2 - 4*q + 145. Calculate k(-56).
369
Let s(k) = 165*k**3 + 14*k**2 + 12*k - 29. Determine s(2).
1371
Let w(i) = 742333*i + 5196349. What is w(-7)?
18
Let t(n) = n**3 - 750*n**2 + 78621*n + 360. What is t(126)?
-18
Let x(o) = -o**3 - 77*o**2 - 1468*o - 157. Calculate x(-39).
-703
Let q(h) = -h**3 - 10*h**2 - 128*h - 2097. Calculate q(-15).
948
Let w(y) = -y**3 + 22*y**2 - 162*y + 426. Determine w(9).
21
Let p(u) = 2*u**2 + 351*u - 3128. What is p(9)?
193
Let h(x) = x**2 + 30*x + 44. Give h(6).
260
Let s(b) = -2*b**3 - 49*b**2 + 185*b + 70. Calculate s(5).
-480
Let v(i) = -2*i**3 + 18*i**2 - 168*i + 265. Calculate v(2).
-15
Let o(b) = b**3 + 72*b**2 + 627*b - 2751. Determine o(-61).
-67
Let j(r) = -r**3 + 41*r**2 - 381*r + 70. Calculate j(14).
28
Let z(x) = -5*x**3 - x**2 - 81*x + 164. What is z(2)?
-42
Let o(b) = -2924*b - 210450. Calculate o(-72).
78
Let p(v) = 18634*v - 6447358. Calculate p(346).
6
Let o(f) = -5*f**3 + 106*f**2 - 363*f + 152. Determine o(17).
50
Let m(u) = 17*u**3 - 511*u**2 + 74*u - 1316. What is m(30)?
4
Let k(d) = -407*d - 3254. Give k(-5).
-1219
Let l(t) = t**2 - 1196*t + 173582. What is l(169)?
19
Let x(p) = -34*p**2 - 781*p - 714. Determine x(-23).
-737
Let m(u) = 740*u + 610478. Calculate m(-825).
-22
Let p(r) = -84*r**2 + 8318*r - 161. Calculate p(99).
37
Let v(d) = 883*d + 4907. What is v(-5)?
492
Let p(q) = 82*q - 13164. Give p(160).
-44
Let p(i) = i**3 + 275*i**2 + 13794*i - 204. Determine p(-209).
-204
Let m(s) = 265*s - 7897. Calculate m(22).
-2067
Let y(q) = -10551*q + 431928. Determine y(41).
-663
Let h(s) = 198*s - 8499. Determine h(43).
15
Let i(t) = 16519*t - 48783. What is i(3)?
774
Let j(g) = -236514*g - 1182667. Determine j(-5).
-97
Let s(b) = -3030*b - 17528. Give s(-6).
652
Let a(u) = 8*u**3 + 1887*u**2 - 232*u + 959. What is a(-236)?
15
Let g(a) = 24*a**2 - 601*a - 1216. Give g(28).
772
Let x(t) = -t**3 - 38*t**2 + 118*t - 372. Determine x(-41).
-167
Let m(s) = -187*s**2 - 1295*s - 3909. What is m(-3)?
-1707
Let g(b) = -54922*b - 494678. Determine g(-9).
-380
Let i(o) = o**2 - 417*o - 1920733. Determine i(-1193).
-3
Let r(o) = -1311*o**2 + 218941*o - 679. Give r(167).
-11
Let x(n) = n**3 - 29*n**2 + 162*n + 246. Determine x(20).
-114
Let j(l) = -l**2 + 248*l + 10922. Give j(-37).
377
Let k(p) = 2326955*p - 9307815. Determine k(4).
5
Let j(w) = -50313*w + 452815. What is j(9)?
-2
Let y(b) = -39*b**2 - 43083*b + 56418. Give y(-1106).
12
Let z(q) = q**3 - q**2 + 23*q - 89. Give z(3).
-2
Let l(z) = -11951*z - 37886. Give l(-3).
-2033
Let y(z) = 2*z**3 + 4405*z**2 - 13231*z + 18. Calculate y(3).
24
Let r(s) = -153*s + 33229. Determine r(220).
-431
Let g(y) = -y**3 + 63*y**2 - 147*y - 668. Calculate g(5).
47
Let p(b) = b**2 + 46*b + 311. Determine p(-18).
-193
Let b(d) = -14*d**2 + 43*d + 712. Calculate b(9).
-35
Let i(q) = 178*q**2 + 6199*q - 108. Determine i(-34).
-5106
Let n(r) = 530*r + 4514. What is n(-10)?
-786
Let l(f) = -3*f**3 + 3*f**2 + 261*f + 10. What is l(-13)?
3715
Let g(k) = 825*k + 246693. Give g(-299).
18
Let a(j) = j**3 + 15*j**2 - 39*j - 782. Determine a(7).
23
Let t(w) = 147700*w + 443095. Calculate t(-3).
-5
Let y(j) = 2987*j + 256894. Determine y(-86).
12
Let l(r) = -r**3 + 67*r**2 + 287*r - 204. Give l(71).
9
Let y(v) = -2*v**3 - 2471*v**2 + 19763*v + 1069. Give y(8).
5
Let a(t) = 244*t - 635. Calculate a(3).
97
Let w(d) = -8*d**2 - 464377*d - 464372. Give w(-1).
-3
Let v(z) = 1402*z + 423403. What is v(-302)?
-1
Let a(y) = y**3 - 280*y**2 + 15243*y + 371. What is a(206)?
165
Let t(g) = 5886*g - 306073. Give t(52).
-1
Let f(r) = -10*r**3 + 188*r**2 - 149*r + 3553. Determine f(19).
0
Let g(z) = -9*z**3 + 766*z**2 - 132*z + 240. Give g(85).
-3755
Let z(s) = -195*s + 676. Give z(5).
-299
Let h(m) = 13*m**2 + 3072*m + 930. Calculate h(-236).
-14
Let q(p) = -79*p - 1087. Determine q(-20).
493
Let p(t) = 3*t**3 + 14*t**2 + 150*t + 859. Determine p(-10).
-2241
Let r(g) = -144*g**2 - 13346*g + 4317. Give r(-93).
39
Let y(l) = 6454*l - 606719. Give y(94).
-43
Let g(c) = 285669*c + 3142351. Determine g(-11).
-8
Let t(w) = 61177*w + 856461. Calculate t(-14).
-17
Let w(y) = -830*y + 8037. Determine w(12).
-1923
Let h(d) = -283*d**2 - 258. Give h(0).
-258
Let p(t) = -2*t**2 + 135*t + 19659. Determine p(-71).
-8
Let r(o) = -2180*o - 845839. Calculate r(-388).
1
Let h(x) = -672*x**2 + 14925*x - 3099. What is h(22)?
3
Let q(s) = s**3 + 5772*s**2 + 832354*s + 303. Determine q(-148).
7
Let o(w) = 220398*w + 220296. Calculate o(-1).
-102
Let t(a) = 97633*a - 7420107. Give t(76).
1
Let n(i) = 3*i**3 - 44*i**2 + 35*i - 594. Calculate n(15).
156
Let q(r) = -1637*r**3 - 9*r**2 - 10*r - 10. Calculate q(-1).
1628
Let m(j) = -2*j**3 - 3407*j**2 - 1662*j + 69813. What is m(-1703)?
-10
Let q(w) = 7893*w - 9688. Calculate q(1).
-1795
Let v(r) = r**3 - 112*r**2 - 109*r - 1083. Calculate v(113).
-631
Let u(s) = 133*s + 18234. Give u(-137).
13
Let m(i) = -428734*i - 428761. Determine m(-1).
-27
Let i(o) = -348*o + 51314. Calculate i(148).
-190
Let k(h) = 28708*h + 2239209. What is k(-78)?
-15
Let l(w) = 4*w**2 - 295*w + 2894. Calculate l(51).
-1747
Let i(y) = 6*y**2 - 635*y + 12364. Give i(80).
-36
Let v(m) = 7*m**3 - 91*m**2 + 148*m - 16. Calculate v(11).
-82
Let r(w) = 13084*w + 78394. What is r(-6)?
-110
Let f(b) = -473*b - 36934. Calculate f(-76).
-986
Let i(u) = -10*u**3 - 53*u**2 + 72*u + 396. Determine i(-8).
1548
Let p(u) = -3086*u + 348753. What is p(113)?
35
Let w(g) = -140*g + 7759. Determine w(54).
199
Let k(w) = 636*w - 391. Calculate k(2).
881
Let d(o) = -o**3 + 79*o**2 + 55*o + 16275. Determine d(82).
613
Let y(m) = -10578*m - 95372. What is y(-9)?
-170
Let s(x) = -225*x**2 + 6173*x + 3556. What is s(28)?
0
Let v(q) = q**3 - 20*q**2 + 109*q - 7602. Calculate v(27).
444
Let l(a) = 870*a - 11547. Calculate l(13).
-237
Let k(r) = -33*r**2 + 1503*r + 641. Determine k(46).
-49
Let k(p) = 6*p**3 - 6*p**2 - 21*p + 82. Determine k(3).
127
Let i(u) = 10*u**2 - 303*u + 299. Give i(1).
6
Let z(m) = -m**3 + 759*m**2 - 40656*m - 1398. Give z(701).
4
Let v(k) = -3*k**2 + 15*k - 41. Calculate v(6).
-59
Let d(n) = -11*n**3 + 5*n**2 - 48*n - 152. Calculate d(-2).
52
Let k(i) = 17468*i - 419244. What is k(24)?
-12
Let m(i) = i**3 + 50*i**2 - 388*i - 226. Give m(-57).
-853
Let j(y) = -35*y**2 + 2860*y - 17617. Calculate j(75).
8
Let w(r) = r**3 - 2*r**2 - 17396*r + 52168. Determine w(3).
-11
Let k(q) = -532*q**2 - 289*q + 263. Give k(-1).
20
Let m(q) = q**2 - 4124*q + 1245061. Calculate m(328).
-27
Let b(u) = -6885*u + 311334. What is b(45)?
1509
Let w(s) = 36*s + 340. What is w(19)?
1024
Let j(p) = -71*p**2 + 2379*p - 3428. Give j(32).
-4
Let p(x) = 199307*x + 597915. Determine p(-3).
-6
Let z(j) = 12*j**2 + 153*j + 2266. Calculate z(-15).
2671
Let p(n) = -12*n**2 + 13*n + 63. Give p(-3).
-84
Let o(r) = -79163*r + 316633. Give o(4).
-19
Let y(c) = 80*c**2 + 19*c - 114. Determine y(4).
1242
Let t(y) = -2*y**3 - 116*y**2 + 709*y + 20952. What is t(-61)?
29
Let h(m) = -142*m**2 + 1586*m + 8. Calculate h(11).
272
Let t(x) = x**3 + 87*x**2 - 174*x + 344. Determine t(-89).
-12
Let x(